the greatest common divisor of j and 60.
30
Let n be -24*(-4)/(-8)*-1. Let w be ((-144)/(-42))/((-4)/(-42)). Calculate the highest common factor of w and n.
12
Suppose 79*d = 1044 + 220. Let f be (-2 - -29 - -2) + 0. Suppose 5*k = f + 11. What is the greatest common divisor of k and d?
8
Let i = 1604 - 1079. What is the highest common divisor of 75 and i?
75
Let c(j) = 94*j**3 + j**2. Suppose 1 = 3*k - 2*k. Let b be c(k). Suppose 193 + b = 4*n. What is the greatest common factor of n and 9?
9
Let x be (-28)/42 - 286/(-6). What is the greatest common factor of 1 and x?
1
Suppose 9*x = 4 + 104. Calculate the highest common divisor of 84 and x.
12
Suppose -70*v + 190 = -51*v. What is the highest common divisor of v and 35?
5
Let p(l) = 6 - 23*l + 4 - 5. Let i be p(3). Let v = i + 109. Calculate the greatest common factor of 15 and v.
15
Let x = -28 + 35. Calculate the highest common factor of 7 and x.
7
Suppose -3*v = -5*z - 310, 6*v + 5*z + 210 = 8*v. Calculate the highest common divisor of v and 10.
10
Suppose -o = -j + 4*j - 3845, -2*j = o - 2564. Calculate the greatest common factor of j and 21.
21
Let o = 142 - 143. Let w be o/((-1 - -4)/(-147)). Suppose -3*z - z + 5*h + 28 = 0, -14 = -2*z - 4*h. Calculate the highest common divisor of z and w.
7
Let v = 148 + -103. Let j = -22398 + 22407. What is the highest common factor of j and v?
9
Let x(a) = 3*a**2 + 3*a. Suppose 3*s - 46 = g, 4*s + g + 13 - 86 = 0. Let u = 12 - s. Let k be x(u). Calculate the highest common divisor of k and 24.
12
Let a = 37 + -21. Suppose 2*j = -8, 29 + 91 = -3*z - 3*j. Let p = a - z. Calculate the highest common divisor of p and 26.
26
Suppose 5*k + 2*i - 251 = -0*i, -2*i = -k + 43. Let q = 10129 + -9590. What is the highest common divisor of q and k?
49
Let d = -6 + 9. Suppose d*q - 117 = 48. Let l = q + -21. What is the highest common factor of 85 and l?
17
Let g be 1/2 + 5/2. Suppose 0*o - 9 = -g*o. Suppose b = o*b - 100. What is the greatest common divisor of 25 and b?
25
Let r = 528 + -462. Let u be 218/5 + (-2)/(-5). Calculate the greatest common divisor of u and r.
22
Suppose 0 = 19*l - 17*l. Suppose -f + 2 = l, -2*m - 6 = -3*m - 2*f. Suppose -3*u + 70 = m*u. What is the greatest common factor of u and 28?
14
Suppose 5*q - 3713 = -4*n, 1424 = 3*q + n - 801. What is the highest common divisor of q and 13?
13
Let b = 80 + 120. Let u = 376 - b. Calculate the greatest common factor of u and 16.
16
Let z be 2*(-14)/(-16)*8. Suppose 3*a - 66 = -5*u + 4*u, 3*a - 57 = 2*u. Calculate the greatest common divisor of z and a.
7
Suppose -5*v = -0*v - 25. Suppose -3*q - 5*n = -46, q - 22 = -0*n - v*n. Suppose -8*f = -300 - 468. What is the highest common divisor of q and f?
12
Let p(y) = 68*y**2 + y - 1. Let w be p(1). What is the greatest common divisor of w and 34?
34
Let x = -1204 + 1862. Calculate the greatest common factor of x and 42.
14
Suppose 0 = 5*v - 5 - 5. Let q(u) = -u**2 + 3*u + 3. Let c be q(v). Suppose 0 = c*h - 2 - 33. Calculate the greatest common factor of 28 and h.
7
Suppose 84 = -3*g - 0*g. Let y = g + 46. Calculate the highest common divisor of y and 6.
6
Let j be (-850)/(-51)*(-6)/(-4). Let c = 31 - j. Calculate the highest common factor of 6 and c.
6
Suppose 2*x + x = 60. Let f be -1 - -104 - (126/(-14) - -12). What is the highest common divisor of x and f?
20
Suppose 8*p = -5*s + 7*p + 82, 0 = -3*p + 6. What is the greatest common divisor of 152 and s?
8
Suppose 0 = 2*f - 4*f. Let p(j) = 4*j + f - 3*j + 2. Let u be p(0). Calculate the highest common factor of u and 2.
2
Let r be (3/9 + -2)*27. Let o be 347/15 - (-6)/r. Let b = o + -14. Calculate the highest common divisor of b and 36.
9
Let i be (1072/335)/((-4)/(-190)). Let n(w) = -6*w - 4. Let b be n(-7). Calculate the highest common divisor of i and b.
38
Let n be 245 + 42/(-12) + 3/(-2). What is the highest common divisor of 45 and n?
15
Let z(h) = 36*h**2 - 3*h - 3. Let t be z(4). Calculate the greatest common factor of t and 51.
51
Suppose 88 = 2*m - 94. What is the greatest common divisor of 416 and m?
13
Let t be 9/((-9)/(-2)) + -4. Let i be t/(-5) - (-1628)/55. Calculate the greatest common divisor of 6 and i.
6
Suppose 0 = 5*l + 5*t - 0*t - 29250, -2*t = 0. Let h be 1/(-2) - l/(-36). Calculate the highest common factor of 54 and h.
54
Let n be 2/(((-6)/(-240))/1). Let b(g) = -3*g - 1. Let z be b(-7). Calculate the greatest common divisor of n and z.
20
Let m(q) = 2*q**3 + 7*q**2 - q + 6. Let t be m(-5). Let k = 97 + t. Calculate the highest common divisor of k and 22.
11
Suppose j + 11 = 14. Let n(f) = f**3 - 4*f**2 + 6*f - 7. Let t be n(j). Calculate the greatest common divisor of t and 14.
2
Let g(x) = 24*x - 12. Let d be g(6). What is the highest common divisor of d and 66?
66
Suppose 3*n = -s + 18, -23*n - 3*s = -18*n - 30. Calculate the greatest common factor of 762 and n.
6
Suppose -394*b = -396*b + 84. Calculate the greatest common factor of 18 and b.
6
Suppose -5*h + 15 = 5*a, -h + 9 = 5*a - 10. Let x = a + 25. Calculate the greatest common factor of 29 and x.
29
Let b be (34 - -17) + 9/(-3). Let q(k) = k**2 - k. Let f be q(3). What is the highest common divisor of f and b?
6
Suppose -4*u - u + r + 10 = 0, -4*u = 2*r - 8. Calculate the greatest common factor of u and 82.
2
Let f = 32 + -31. Let o be 0 - (f + 2 + -54). What is the greatest common factor of 17 and o?
17
Suppose 6*n - n - 54 = -2*j, 3*j = -5*n + 86. Suppose -3*o + j = -0*w - 5*w, 4*w = -16. Calculate the greatest common divisor of o and 40.
4
Suppose -160 = -5*l - 5*t, 2*l + 0*t = 4*t + 52. Let d = l + -13. Suppose -d + 8 = -z. What is the greatest common factor of 27 and z?
9
Let w(d) = d**2 + 13*d + 3. Let j be w(-5). Let x = -2 - j. What is the greatest common divisor of x and 385?
35
Let p be -45 + -2 + (-3)/(-3). Let x = -18 - p. Suppose -48 = -2*t + x. What is the highest common divisor of t and 57?
19
Suppose -58 = -3*z + 5*r, -5*r = z - 1 + 15. Calculate the highest common factor of z and 11.
11
Let z(x) = 4*x**2 - 1. Let d be z(-1). Let k = 909 + -885. What is the greatest common divisor of k and d?
3
Suppose -3*j = 10*j - 169. Calculate the greatest common divisor of 4 and j.
1
Let f(j) = j**3 - 3*j**2 + j + 2. Let o be f(2). Suppose -4*w + 88 - 8 = o. What is the greatest common divisor of 8 and w?
4
Let k be 3/(-7 + 6 + (-14)/(-8)). Calculate the highest common divisor of 25 and k.
1
Suppose 0 = -4*g + 3*y - 18, 8 = 5*y - 2. Let d be (-2)/g - (-532)/21. Let x = d + -24. What is the greatest common divisor of 2 and x?
2
Let a(q) = -q + 16. Let l be a(10). Calculate the highest common divisor of 12 and l.
6
Let w = -153 + 54. Let j = -67 - w. Calculate the highest common divisor of j and 256.
32
Suppose 59*j = -47*j + 63*j + 172. Let n(a) = 2*a + 1. Let r be n(2). Calculate the highest common factor of j and r.
1
Suppose 0 = 14*q + 14*q - 4928. What is the greatest common divisor of q and 11?
11
Let q be 126/(-15)*80/(-12). Suppose 5*f + 162 = -18. Let k = q + f. Calculate the highest common factor of 20 and k.
20
Suppose 27*t = 1 + 26. Calculate the highest common factor of t and 11.
1
Suppose -p + 2*q + 178 = 0, 3*p + 3*q = 390 + 153. Suppose -p = -5*o + o - 3*c, 0 = -2*o - 4*c + 90. Calculate the greatest common factor of 15 and o.
15
Let t = -28 - -48. Let x(s) = 16*s**2 - 2*s - 1. Let h be x(-1). Suppose h = n - 13. What is the greatest common factor of n and t?
10
Let p = 94 - -106. Suppose 19*c - p = 15*c. Suppose 0*f - 3*q + 20 = f, -2*f - 4*q + c = 0. Calculate the highest common divisor of 14 and f.
7
Let j = -134 + 141. Let r = -5 - -8. Suppose 134 = -p + r*p - 4*o, o = -2. Calculate the highest common divisor of p and j.
7
Let w be 84*(-2 + 0)/(-4). Suppose 0 = -2*q + w - 12. Calculate the highest common factor of q and 5.
5
Let y be 136/51*3/(-2). Let x(a) = -14*a - 4. Let l be x(y). What is the greatest common divisor of l and 13?
13
Let g = 424 + -234. Let k(x) = 2*x**2 - 6*x - 7. Let t be k(6). Let l = t + -10. What is the highest common divisor of g and l?
19
Let w(i) = -17*i + 58. Let b be w(9). Let l = 117 + b. Calculate the greatest common divisor of 121 and l.
11
Let h(k) = 15. Let n(j) = j - 15. Let b(c) = 3*h(c) + 4*n(c). Let v be b(11). What is the highest common factor of v and